tens digit of d?
8
Suppose -l = -c + 4*l + 3, -2*c - 3*l = -45. Let t be ((-76)/(-6) - 1)*6. Suppose t = 2*d + c. What is the units digit of d?
6
Let y(w) be the third derivative of 19*w**5/60 - 7*w**4/24 + 7*w**3/3 - 2*w**2. What is the tens digit of y(3)?
6
Suppose -3*i - q - 2 = -6, 14 = 3*i - q. Suppose 0 = 2*c + i*c - 10. Suppose c*s = -s + 84. What is the tens digit of s?
2
What is the hundreds digit of (-1740398)/(-1195) + (-4)/10?
4
What is the units digit of -3393*((-14)/(-3) + -5)?
1
Let j = 10 - 7. Suppose 2*l + 2*q = 122, 2*l - j*l = -4*q - 61. What is the tens digit of l?
6
What is the units digit of (-40)/(-180) + (-14378)/(-18)?
9
Let b(g) = -g + 2. Let t be b(14). Let r be (t/9)/(4/6). What is the tens digit of 3/r*(-68)/3?
3
Let v(u) = -10*u**3 - u**2 + 4*u - 1. Let q(t) = t**3 - t. Let f(b) = -3*q(b) - v(b). What is the tens digit of f(2)?
5
Let u(l) = -l + 62. Suppose 0 = -y - 2*i + i, 0 = 4*y - 2*i. What is the units digit of u(y)?
2
Suppose 3 = 5*b - 7. Suppose b*z = -3*f + 40, -2*z + 68 = 5*f - 0*z. What is the units digit of (-8)/14 - (-232)/f?
6
Let w be 3 + 702/12 - (-1)/2. Suppose 11*h - 9*h = w. What is the tens digit of h?
3
Let c(i) = -i**3 + 21*i**2 - 16*i - 29. Let m(j) = 86*j + 3 - 1 - 84*j. Let z be m(9). What is the units digit of c(z)?
1
Let f be (3 + -4 + 1)/(-1). Suppose 339 = -f*s + 3*s. What is the hundreds digit of s?
1
Let n = 735 - 507. Suppose -4*p = 5*i - n, 63 = i - 4*p - p. Let m = -22 + i. What is the tens digit of m?
2
Let p = -271 + 380. Let b = p + -69. What is the units digit of b?
0
Let g = 14 + -14. Let i(o) = o**2 - 2*o. Let h be i(g). Suppose h = w + 5, q + 2*q - w - 47 = 0. What is the tens digit of q?
1
Let z(s) = s**2 - 5*s + 3. Let i be z(3). Let o = -49 - -241. What is the tens digit of (o/(-36))/(1/i)?
1
Suppose 0 = -8*u + 800 + 4904. What is the hundreds digit of u?
7
Let b = 143 - -508. What is the units digit of b?
1
Let q be 0 + (3 - 0) - -79. What is the tens digit of -3 + 1/(2/q)?
3
Suppose 0 = 9*v + 8*v - 1938. What is the hundreds digit of v?
1
What is the hundreds digit of (-422 + -2 - 0)*-1?
4
Suppose 8*f - 110 = 3*f. Suppose 2*v - 20 = -4*t, t - v = 6*t - f. Suppose -22 = t*m - 5*m. What is the units digit of m?
2
Let l = 15 - 8. Suppose -l*t + 245 = -2*t. What is the tens digit of t?
4
Let n = 3850 + -2099. What is the tens digit of n?
5
Let v = 174 + -80. What is the units digit of v?
4
Let u be -1 + 151 + (32/(-4))/(-2). Suppose -z = -t + 86 + u, -1196 = -5*t + 3*z. What is the units digit of t?
8
Suppose -30*q - 18423 = -80013. What is the hundreds digit of q?
0
Let s be (30/(-18))/(1/(-9)). Let h(u) = -4*u - s*u + 21*u + u**3 + 76. What is the tens digit of h(0)?
7
Let k(m) = -m**2 - 5*m - 4. Let b = -13 + 11. What is the units digit of k(b)?
2
Let x = -17 + 20. Suppose i + 1 = -1, -x*i + 183 = 3*d. What is the tens digit of d?
6
Suppose 3*p - 25 = -4. Let t(d) be the first derivative of d**4/4 - 2*d**3 - d**2 + 6*d + 3. What is the units digit of t(p)?
1
Let p = 4 - 0. Suppose -p*u + 126 = -2*b, 5*b + 141 = 5*u - u. Let d = u - 13. What is the tens digit of d?
1
Suppose -5*g + 0*g = -m + 300, -3*g = -5*m + 1522. What is the tens digit of m?
0
Let f(x) = -3*x + 2. Let z = 3 + -1. Let c be f(z). Let r = c + 19. What is the units digit of r?
5
Suppose 4*w = 5*d + 856 - 284, -3*d = w + 350. Let a be d/(-12) + (-2)/3. Let f = a - -1. What is the tens digit of f?
1
Suppose 4 = -a + 1. Let p be a/2 - (-12)/(-8). What is the tens digit of p + -3 + 4 - -29?
2
Suppose y - 20257 = -5*l, -3*y + 1039 + 3004 = l. What is the thousands digit of l?
4
Let q(w) = 12*w**2 - 4*w + 5. What is the units digit of q(-6)?
1
Suppose 0 = 4*u - 2*u - 2*r - 2, -4*u + 3*r + 7 = 0. Suppose -5 = -3*a + u*x + 305, -528 = -5*a + x. Let t = -45 + a. What is the units digit of t?
1
Let g be 3/6*(-528)/(-4). Suppose -h = -5, -4*h + g - 4 = 3*d. What is the units digit of d?
4
Let n = 546 + 1164. What is the units digit of n?
0
Suppose 4*f + 4*y = f + 28, 8 = 2*y. Suppose -f*b + 7 = -3*p - 6, 5*b - 23 = -3*p. Suppose 3*h - 3*d = -b*d + 126, -d = 4*h - 168. What is the units digit of h?
2
Let q(k) = 2*k**2 - 26*k + 6. What is the units digit of q(-22)?
6
Let a(b) be the second derivative of 13*b**3/3 - 2*b**2 + 37*b. What is the units digit of a(8)?
4
Suppose 5 = 5*f + 5*v, 4*f - 20 = 5*v + 2. Suppose -f*i - i - 48 = 0. What is the units digit of (i/(-10))/((-9)/(-60))?
8
Let b(j) = -j**3 + 5*j**2 - 3*j + 4. Let y be b(4). What is the units digit of y*8 + (3 - 2)?
5
Let m(g) = -18 - 48*g - 42*g + 2*g**2 + 4 + 94*g. What is the tens digit of m(-10)?
4
Let r(i) be the third derivative of i**6/120 - i**5/20 + i**4/12 - 4*i**3/3 - 7*i**2 - 16. Suppose 3*s - 9 - 3 = 0. What is the units digit of r(s)?
6
Suppose 166 = 8*y - 610. Suppose 5*j - 3*l - 339 = 0, 0*j + 140 = 2*j + l. Suppose -2*r - j = -3*z + y, 0 = -5*z + 5*r + 275. What is the tens digit of z?
5
Let s = -4306 - -9084. What is the units digit of s?
8
Suppose 3*v - 188 = a, -4*a + 922 = -9*a - 3*v. Let h = 443 + a. What is the hundreds digit of h?
2
Let y = 14 - -4. What is the units digit of y?
8
Let p(c) = 2*c**2 - 3*c - 95. What is the tens digit of p(-21)?
5
Let l(c) = 35*c**2 - 4*c + 5. Let w be l(3). Let n = w + -212. What is the units digit of n?
6
Suppose p - 9 = 160. Let r = 252 - p. What is the tens digit of r?
8
Suppose 7*t = -p + 5*t + 805, -2*t - 3200 = -4*p. What is the hundreds digit of p?
8
Suppose -2*t - 2*k = -2070, 7*t + k = 3*t + 4149. What is the units digit of t?
8
Let g(m) be the second derivative of -5/6*m**4 + 0 + 1/2*m**2 - 5/3*m**3 + 1/20*m**5 - 5*m. What is the units digit of g(11)?
2
Suppose -13*a + 33*a - 8800 = 0. What is the tens digit of a?
4
What is the tens digit of 105/42*(1148 + 4)?
8
Suppose 4*f + 187 = -t, 5*f - 5*t + 84 = -181. Let m = 45 + -73. Let k = m - f. What is the tens digit of k?
2
What is the units digit of (-9 - 1)/(4 - (-498)/(-123))?
5
Let d be (-1)/(-2)*(1 + -3). Let q be 16/6*(5 - d). What is the units digit of (q/(-12))/(-2)*12?
8
Suppose -7*a + 9792 = a. What is the units digit of a/15 - (-9)/(-15)?
1
Let s(b) = -b**2 - 11*b - 7. Let y(x) = -x**3 - 6*x**2 - 5*x + 2. Let w be y(-4). Let q be s(w). Suppose 2 = q*i - 1. What is the units digit of i?
1
Let s(l) = -l**2 + 49*l - 186. What is the units digit of s(27)?
8
Let r be (-2)/11 - 1595/(-121). Let h = -12 + r. What is the tens digit of (3*12 - -1)*h?
3
Let u = 57 - 66. What is the tens digit of (3/(-2))/(u/474)?
7
Suppose -1436*n + 1788 = -1432*n. What is the hundreds digit of n?
4
What is the hundreds digit of 297 + (-1 - 2) - 1?
2
Suppose 9*q = 4*y + 4*q - 220, q - 244 = -4*y. What is the units digit of 345/y + (-2)/(-8)?
6
Let s(j) = 41*j**2 + 11*j - 18. What is the hundreds digit of s(6)?
5
Let v be 4 + (-2 - (-2 + 1)). Suppose j = 6*t - v*t + 24, -2*j + 5*t = -47. What is the tens digit of j?
2
Suppose -14*b - 755 = -8273. What is the tens digit of b?
3
Let x = 13 + -8. Suppose 2*h + 309 = x*h. What is the tens digit of h?
0
Let g = 5477 - 3062. What is the thousands digit of g?
2
Let s(u) = 916*u - 349. What is the units digit of s(4)?
5
Suppose 8 = -4*y, -4*p - 2*y + 5484 = -0*p. What is the hundreds digit of p?
3
Let v be (16/10)/((-32)/(-80)). Let h be 1 - (3 + -15 + v). Let g = h - -15. What is the units digit of g?
4
Suppose 2*h - h - 50 = 0. Suppose 4*c - h = 5*w, -w = 3*c - 0*c - 9. What is the units digit of (-14)/w - 2/(-3)?
3
Suppose -12*y - 7590 = -10*y. What is the units digit of 2/5 - y/75?
1
Let i(y) = y - 3. Let k be i(3). Suppose 0 = 4*p - 5*z - 23, k = p + z + 2*z - 10. Suppose 4*a + 111 = p*a. What is the tens digit of a?
3
Suppose -4*q = 3*a - 3040, 5*q - 4*a - 719 = 3081. What is the units digit of (q/(4 + 1))/2?
6
Suppose 2*v - 10 = 2*f, 0 = -4*v + 3*v - 3*f + 9. Let m(d) be the first derivative of 4*d**2 - 5*d + 9. What is the units digit of m(v)?
3
Let a = -3275 + 6787. What is the units digit of a?
2
What is the units digit of ((-14)/(56/(-44)))/(1/29)?
9
Let g(n) = 19*n + 14. Let d(b) = -1. Let q(s) = -5*d(s) - g(s). What is the units digit of q(-4)?
7
Suppose -408 = -5*q + t, q = 2*t + 12 + 66. Let o = 172 - q. What is the tens digit of o?
9
Let f be (-1)/(-3) - 22/(-6). Suppose 0*v - 12 = -f*k - 4*v, 5*v 